 + b*p - 12 = 2*q. Suppose -5*t = -p*t - 30. What is the tens digit of t?
3
Suppose 1687 = 4*d + 5*q, 13*q - 15*q = -d + 412. What is the hundreds digit of d?
4
Let f be 15/4*(-32)/(-12). Let p be (-4)/f + (-88)/55. What is the units digit of 4 + 5 - 2/p?
0
Let x be (5 - (6 - 0))/(1*-1). What is the tens digit of (-23 - 1)*(x - 3)?
4
Suppose -2*s - 24 = -2*o, 3*o + 0*o - 32 = 2*s. Let g be (o + -1)/((-2)/(-10)). Let v = g + -18. What is the units digit of v?
7
Let b be 4/(-8)*(7 + -5). Let n(a) = 14*a**2 - 3*a - 3. What is the units digit of n(b)?
4
Suppose 4*z + 18 = 106. Let g be (z/33)/((-4)/(-6)). What is the units digit of (165/(-10))/(g/(-2))?
3
Let r = 41 + -41. Let u(t) = t**2 + 5*t + 6. Let i be u(-5). Suppose r = -3*n + 9 - i. What is the units digit of n?
1
Let y(i) = i**2 - 23*i + 254. What is the units digit of y(23)?
4
Suppose 21*y - 16289 = 8*y. What is the hundreds digit of y?
2
Let f = 1162 + -276. What is the units digit of f?
6
Suppose 8*f - 3375 = -f. What is the hundreds digit of f?
3
Let l = 1349 - -2109. What is the units digit of l?
8
Suppose 0 = 8*u - 2*u - 552. What is the units digit of u?
2
Let g(u) = -3*u**3 - 5*u**2 - 2*u. Let j(b) be the first derivative of -b**3/3 + b**2/2 - 3*b + 1. Let k be j(0). What is the tens digit of g(k)?
4
Let o(k) = k**3 + 5*k**2 - 4*k - 21*k**2 - 2*k**3 - 9 + 1. What is the tens digit of o(-16)?
5
What is the tens digit of (4 + (-925)/30)*2*-3?
6
Let v be (-1)/3*(4 + -28). Let z(w) = 13*w + 24. What is the hundreds digit of z(v)?
1
Let o = 89 + -86. Suppose -366 = -o*b + q, 171 = -4*b - 4*q + 643. What is the units digit of b?
1
Suppose -8*d - 15*d = -88826. What is the units digit of d?
2
Let m = 24 - 19. Let g be (-10)/4*(-8)/m. Suppose 124 = g*p - 24. What is the tens digit of p?
3
Suppose -8*l - 36 = -12*l. Suppose l*r = -58 + 1129. What is the units digit of r?
9
What is the units digit of -4*(3234/(-24) + -8)?
1
Let s = -191 + 109. Let p be (-25)/2*(5 + 1). What is the units digit of s/(-5) - 45/p?
7
Let x(p) = 30*p**2 - 3*p + 2. Let o be (-37)/(-3) + (-20)/(-30). Suppose 0 = -o*z + 8*z + 5. What is the tens digit of x(z)?
2
Suppose -2*j - 2*h - 2*h + 14 = 0, 5*j = -h + 44. What is the tens digit of 150/(j*(-1)/(-6))?
0
Let z(j) = j**2 - 2*j - 99. Let u be z(0). Let h = -46 - u. What is the tens digit of h?
5
Let v = 1 - 3. Let l(z) = -9*z**3 - 3*z**2 - 4*z - 2. Let r be l(v). Suppose -4*w + r = -w. What is the units digit of w?
2
Let o(x) = -5*x. Let b be o(-2). Let t = 76 + b. Let d = t - 57. What is the units digit of d?
9
Suppose 2*r - 513 - 275 = 2*m, -3*m = 0. What is the hundreds digit of r?
3
Let o = -36 + 61. Suppose -1 + o = -4*b. What is the units digit of (3/b)/(1/(-60))?
0
Let f(z) = -54*z - 932. What is the tens digit of f(-53)?
3
Let z = 10 + -6. Suppose 0*b + z = 2*b. Suppose 0 = 4*r - b*r - 22. What is the units digit of r?
1
Let n(r) = 2*r**2 + 64*r - 13. What is the hundreds digit of n(-39)?
5
Let u(t) = -t**3 - 4*t**2 - 7*t - 13. Let z(c) = -4*c + 6. Let o be z(3). What is the hundreds digit of u(o)?
1
Let h be 9/9*(-1 + 1). Suppose h = -3*b + 380 + 82. What is the hundreds digit of b?
1
Let v = 38 + -180. Let g be (-5)/(-2)*(-7 - 1). What is the units digit of v/(-4) + (-10)/g?
6
What is the units digit of 571/(1/(-3)*-3)?
1
Let u = -21 + 10. Let z = -8 - u. What is the units digit of 3*(-21)/(-27)*z?
7
Let d be 3/9 + (-3)/(18/(-154)). Let h = d + 96. What is the tens digit of h?
2
Suppose -5 = 3*p - 4*p + 3*j, 8 = 2*j. Suppose p*l = 9*l + 904. What is the hundreds digit of l?
1
Let d = -60 - -66. Suppose -d*f + 704 = -352. What is the tens digit of f?
7
Let s(t) = t**2 - t - 7. Let g be s(3). What is the units digit of (g + -1)*164/(-8)?
1
Let m = 12463 + -8047. What is the thousands digit of m?
4
Let l(j) = -70*j + 34. What is the units digit of l(-1)?
4
Suppose -23 = -2*v + 15. Let a = -16 + v. Suppose m = -2*y + 36, -a*m + 165 = 2*m + 5*y. What is the units digit of m?
0
What is the hundreds digit of 7/(((-65)/(-7371))/5)?
9
Let a = -10 + 17. Suppose 3*j + a + 17 = 0. Let t = 54 + j. What is the units digit of t?
6
Let x = -528 + 4751. What is the thousands digit of x?
4
Suppose -v - 11 = -2*i - 2*v, 3*v = i + 5. Suppose -u - i*u = -150. Suppose -3*d = -3*p + 30, 0 = 2*p + 2*d - 6 - u. What is the tens digit of p?
1
Let q(l) = 14*l + 1. Let y be q(1). Let u = y + -19. What is the tens digit of (-78)/u*(11 - 9)?
3
Let m(g) = 4*g**2 - 6*g + 1. What is the units digit of m(2)?
5
Suppose -6*p + 28 = p. Suppose p*a - 2*z = 218 + 218, 2*a - 222 = 3*z. What is the units digit of a?
8
Let r(y) = y**3 + 15*y**2 + 19*y + 14. What is the units digit of r(-13)?
5
Let j(z) = -21*z + 4. Let m be j(-3). Suppose 3*k = -4*x + 108, -2*k + x = 2*x - m. Suppose -4*f = -2*f - k. What is the units digit of f?
6
Suppose 0 = -0*x - 3*x. Suppose 273 = 7*z - x*z. What is the tens digit of z?
3
Suppose 21*p - 5365 = 28193. What is the thousands digit of p?
1
What is the thousands digit of 27240/(-180)*27/(-3)?
1
Let i = 1083 - 739. What is the hundreds digit of i?
3
Let p be 4 - 1 - 0/(-1). Suppose 5*g = -0*w + 2*w - 181, -p*g = 4*w - 297. Let s = w + -38. What is the units digit of s?
0
Let z be 340/(-51)*(5 - -1). Let h = z - -114. Suppose -2*y + h = 2*g, 5*g - 187 = y + 22. What is the tens digit of g?
4
Let i be 3 - 1 - (1 + -6). Suppose i*h - 5*o = 3*h + 29, -3*o + 15 = 3*h. What is the units digit of h?
6
Let a(i) be the first derivative of -i**4/4 + 13*i**3/3 + 5*i**2 - 14*i - 15. What is the hundreds digit of a(6)?
2
Let t(u) = u**3 - 5*u**2 + 5*u + 2. Let s be t(4). Let r(i) = -i**2 + 7*i - 3. Let c be r(s). What is the tens digit of 9/c*38/6?
1
Let q be (-36)/2*6/9. Suppose -5*o - 98 - 22 = 0. Let w = q - o. What is the units digit of w?
2
What is the tens digit of (-5980)/(-7) + (162/(-63))/9?
5
Suppose -4*x - 97 = -37. Suppose -s - 4*i = 11 + 1, -5*i = -s - 48. Let l = x - s. What is the tens digit of l?
1
Let g(l) = -l + 2. Let v be g(0). Let q be 82 + 7 - (v - 1). Suppose 4*i + q = 4*d - 0*d, -2*d + 4*i = -44. What is the tens digit of d?
2
Suppose -2*h + 11 = 5, s - 4*h + 17 = 0. Let i(o) = -o**2 - 7*o - 5. Let w be i(s). Suppose -q = w*b - 36, 0 = -6*q + q - b + 108. What is the tens digit of q?
2
Let n(x) = 2*x + 18. Let s be n(-8). Suppose 5*k + 5*b - 375 = 0, 0*k + 4*b - 160 = -s*k. What is the units digit of k?
0
Let v(k) = -k**2 + 54*k + 250. What is the units digit of v(38)?
8
Let u = -1101 + 1667. What is the units digit of u?
6
Let y be 4 - (0 + (-2)/1). Suppose y*j = 4*j. Let l = 43 + j. What is the units digit of l?
3
What is the units digit of (-12 - -9)/((-1)/4)?
2
Let t(d) = -d - 5. Let y be t(4). Let m = -13 - y. What is the units digit of ((-36)/m)/3 - 1?
2
Let x(l) = 28*l - 18. Let y be x(6). Suppose -4*p = 2*w - y, 7*p - 3*p + 5*w - 159 = 0. What is the tens digit of p?
3
Suppose 3*k + 18 = 2*s, -2*s + 4*k + 29 = 7. Let i(q) = 4*q. Let t be i(s). Suppose -3 + t = y. What is the units digit of y?
9
Let c be (115/15 + 1)/(1/(-3)). What is the units digit of 1 + 1/(-2) + (-2275)/c?
8
Suppose 9*v + 1250 = 2960. Let f = v - 122. What is the units digit of f?
8
Let y = -7 + 6. What is the units digit of 0 + 43 + 1/y?
2
Suppose -7*i + 3*i + 44 = 0. Suppose -d - 5*r + 21 = 0, 5*d + i - 1 = -2*r. Let h(m) = 2*m**2 + 4. What is the tens digit of h(d)?
3
Let a = 35 - -1. Suppose 3*z - a + 9 = 0. Suppose -k + z = -15. What is the units digit of k?
4
Let v(d) = 13*d - 16. Let c be v(6). Let p = 2 + 0. Suppose c = 3*q + 4*x, 2*q + p*q + x = 61. What is the units digit of q?
4
Let s(v) = -v**2 - 15*v + 12. Let o be s(-14). Suppose -4*z = -5*d - 46, -d - 5*z = -2*d - o. What is the units digit of 3/(-2) - 33/d?
4
Let w be (-4)/((-8)/(-6)) + 6. Let y be (12 + w)*(-56)/20. What is the units digit of (72/y)/((-4)/14)?
6
Let u = 37 + -37. Suppose u = -2*c - 5*y + 23, 3*c - 3*y - 44 = -y. What is the units digit of c?
4
Let q = 5 - 7. Suppose -4*c + 51 = -129. What is the units digit of (-1 - c)*q/4?
3
Let a(l) be the second derivative of -3*l**3/2 - 7*l**2/2 + 6*l. What is the tens digit of a(-5)?
3
Let s be ((-4)/(-2))/((-18)/(-63)). Let b(a) = 4 - a + 11*a - 5 - a**2. What is the tens digit of b(s)?
2
Let w(l) = 5*l**2 - 23*l + 24. What is the tens digit of w(1